{"id":713,"date":"2024-01-23T13:22:30","date_gmt":"2024-01-23T16:22:30","guid":{"rendered":"https:\/\/kitoki.com.br\/?post_type=product&#038;p=713"},"modified":"2024-01-23T22:50:50","modified_gmt":"2024-01-24T01:50:50","slug":"suite-taua-tripla","status":"publish","type":"product","link":"http:\/\/kitoki.com.br\/index.php\/produto\/suite-taua-tripla\/","title":{"rendered":"Suite Tau\u00e1 \u2013 Tripla"},"content":{"rendered":"<p>Suite Tau\u00e1 \u2013 Tripla<\/p>\n<p>Descubra o charme r\u00fastico e aconchegante da Suite Tau\u00e1 na Pousada Kitoki D&#8217;Aldeia, um ref\u00fagio encantador em Cara\u00edva. Esta su\u00edte \u00e9 uma express\u00e3o de tranquilidade e autenticidade, onde elementos locais se encontram com o conforto contempor\u00e2neo para proporcionar uma experi\u00eancia \u00fanica de hospedagem.<\/p>\n<p>A Suite Tau\u00e1 \u00e9 um convite ao relaxamento, com uma decora\u00e7\u00e3o que destaca a riqueza cultural de Cara\u00edva. O ambiente acolhedor da su\u00edte \u00e9 acentuado por toques r\u00fasticos e detalhes cuidadosamente escolhidos, criando um ref\u00fagio sereno. A varanda privativa \u00e9 o local perfeito para apreciar a paisagem local e desfrutar da brisa suave que permeia a regi\u00e3o.<\/p>\n<p>Localizada estrategicamente na Pousada Kitoki D&#8217;Aldeia, a Suite Tau\u00e1 oferece n\u00e3o apenas uma estadia confort\u00e1vel, mas tamb\u00e9m uma imers\u00e3o aut\u00eantica na atmosfera \u00fanica de Cara\u00edva. Explore praias intocadas, mergulhe na cultura local e aproveite cada momento nesta vila hist\u00f3rica.<\/p>\n<p>Na Pousada Kitoki D&#8217;Aldeia, a Suite Tau\u00e1 \u00e9 mais do que uma simples acomoda\u00e7\u00e3o; \u00e9 uma experi\u00eancia que combina a simplicidade r\u00fastica com o conforto contempor\u00e2neo, proporcionando uma estadia verdadeiramente enriquecedora em Cara\u00edva.<\/p>\n\n<table id=\"tablepress-1\" class=\"tablepress tablepress-id-1\">\n<thead>\n<tr class=\"row-1\">\n\t<th class=\"column-1\">Itens<\/th><td class=\"column-2\"><\/td>\n<\/tr>\n<\/thead>\n<tbody class=\"row-striping row-hover\">\n<tr class=\"row-2\">\n\t<td class=\"column-1\"><img loading=\"lazy\" decoding=\"async\" src=\"http:\/\/kitoki.com.br\/wp-content\/uploads\/2018\/12\/pousada_kitoki_daldeia_caraiva_bahia_brasil_ar_condicionado.png\" alt=\"\" width=\"50\" height=\"40\" class=\"alignnone size-full wp-image-134\" \/> Ar Condicionado<\/td><td class=\"column-2\"><img loading=\"lazy\" decoding=\"async\" src=\"http:\/\/kitoki.com.br\/wp-content\/uploads\/2018\/11\/marcador_v_30.png\" alt=\"\" width=\"30\" height=\"29\" class=\"alignnone size-full wp-image-110\" \/><\/td>\n<\/tr>\n<tr class=\"row-3\">\n\t<td class=\"column-1\"><img loading=\"lazy\" decoding=\"async\" src=\"http:\/\/kitoki.com.br\/wp-content\/uploads\/2018\/12\/pousada_kitoki_daldeia_caraiva_bahia_brasil_frigobar.png\" alt=\"\" width=\"50\" height=\"40\" class=\"alignnone size-full wp-image-136\" \/> Frigobar<\/td><td class=\"column-2\"><img loading=\"lazy\" decoding=\"async\" src=\"http:\/\/kitoki.com.br\/wp-content\/uploads\/2018\/11\/marcador_v_30.png\" alt=\"\" width=\"30\" height=\"29\" class=\"alignnone size-full wp-image-110\" \/><\/td>\n<\/tr>\n<tr class=\"row-4\">\n\t<td class=\"column-1\"><img loading=\"lazy\" decoding=\"async\" src=\"http:\/\/kitoki.com.br\/wp-content\/uploads\/2018\/12\/pousada_kitoki_daldeia_caraiva_bahia_brasil_ventilador_de_parede.png\" alt=\"\" width=\"50\" height=\"40\" class=\"alignnone size-full wp-image-139\" \/> Ventilador de parede<\/td><td class=\"column-2\"><img loading=\"lazy\" decoding=\"async\" src=\"http:\/\/kitoki.com.br\/wp-content\/uploads\/2018\/11\/marcador_v_30.png\" alt=\"\" width=\"30\" height=\"29\" class=\"alignnone size-full wp-image-110\" \/><\/td>\n<\/tr>\n<tr class=\"row-5\">\n\t<td class=\"column-1\"><img loading=\"lazy\" decoding=\"async\" src=\"http:\/\/kitoki.com.br\/wp-content\/uploads\/2018\/12\/pousada_kitoki_daldeia_caraiva_bahia_brasil_chuveiro_eletrico.png\" alt=\"\" width=\"50\" height=\"40\" class=\"alignnone size-full wp-image-135\" \/> Chuveiro El\u00e9trico<\/td><td class=\"column-2\"><img loading=\"lazy\" decoding=\"async\" src=\"http:\/\/kitoki.com.br\/wp-content\/uploads\/2018\/11\/marcador_v_30.png\" alt=\"\" width=\"30\" height=\"29\" class=\"alignnone size-full wp-image-110\" \/><\/td>\n<\/tr>\n<tr class=\"row-6\">\n\t<td class=\"column-1\"><img loading=\"lazy\" decoding=\"async\" src=\"http:\/\/kitoki.com.br\/wp-content\/uploads\/2018\/12\/pousada_kitoki_daldeia_caraiva_bahia_brasil_varanda_com_rede.png\" alt=\"\" width=\"50\" height=\"40\" class=\"alignnone size-full wp-image-138\" \/> Varanda individual com rede<\/td><td class=\"column-2\"><img loading=\"lazy\" decoding=\"async\" src=\"http:\/\/kitoki.com.br\/wp-content\/uploads\/2018\/11\/marcador_v_30.png\" alt=\"\" width=\"30\" height=\"29\" class=\"alignnone size-full wp-image-110\" \/><\/td>\n<\/tr>\n<\/tbody>\n<\/table>\n<!-- #tablepress-1 from cache -->\n","protected":false},"excerpt":{"rendered":"<p>Suite Tau\u00e1 \u2013 Tripla Descubra o charme r\u00fastico e aconchegante da Suite Tau\u00e1 na Pousada Kitoki D&#8217;Aldeia, um ref\u00fagio encantador em Cara\u00edva. Esta su\u00edte \u00e9 uma express\u00e3o de tranquilidade e autenticidade, onde elementos locais se encontram com o conforto contempor\u00e2neo para proporcionar uma experi\u00eancia \u00fanica de hospedagem. A Suite Tau\u00e1 \u00e9 um convite ao relaxamento, [&hellip;]<\/p>\n","protected":false},"featured_media":88,"template":"","meta":[],"product_brand":[],"product_cat":[36],"product_tag":[22,25,29,20,27,31,26,33,23,30,19,32,24,40,34,28,35],"class_list":{"0":"post-713","1":"product","2":"type-product","3":"status-publish","4":"has-post-thumbnail","6":"product_cat-suite-tripla","7":"product_tag-aconcheganteretiro","8":"product_tag-atmosferavibrante","9":"product_tag-belezasnaturais","10":"product_tag-caraiva","11":"product_tag-confortoelegante","12":"product_tag-culturalocal","13":"product_tag-decoracaosofisticada","14":"product_tag-descansoserenidade","15":"product_tag-estadiaexclusiva","16":"product_tag-experienciamemoravel","17":"product_tag-pousadakitokidaldeia","18":"product_tag-praiasdeslumbrantes","19":"product_tag-refugioencantador","20":"product_tag-suitetaua","21":"product_tag-turismocaraiva","22":"product_tag-varandaprivativa","23":"product_tag-viageminesquecivel","25":"first","26":"instock","27":"shipping-taxable","28":"purchasable","29":"product-type-simple","30":"czr-hentry"},"yoast_head":"<!-- This site is optimized with the Yoast SEO plugin v26.4 - https:\/\/yoast.com\/wordpress\/plugins\/seo\/ -->\n<title>Suite Tau\u00e1 \u2013 Tripla - Kitoki d&#039;Aldeia<\/title>\n<meta name=\"description\" content=\"Suite Tau\u00e1 \u2013 Tripla - Descubra o charme r\u00fastico e aconchegante da Suite Tau\u00e1 na Pousada Kitoki D&#039;Aldeia, um ref\u00fagio encantador em Cara\u00edva.\" \/>\n<meta name=\"robots\" content=\"index, follow, max-snippet:-1, max-image-preview:large, max-video-preview:-1\" \/>\n<link rel=\"canonical\" href=\"https:\/\/kitoki.com.br\/index.php\/produto\/suite-taua-tripla\/\" \/>\n<meta property=\"og:locale\" content=\"pt_BR\" \/>\n<meta property=\"og:type\" content=\"article\" \/>\n<meta property=\"og:title\" content=\"Suite Tau\u00e1 \u2013 Tripla - Kitoki d&#039;Aldeia\" \/>\n<meta property=\"og:description\" content=\"Suite Tau\u00e1 \u2013 Tripla - Descubra o charme r\u00fastico e aconchegante da Suite Tau\u00e1 na Pousada Kitoki D&#039;Aldeia, um ref\u00fagio encantador em Cara\u00edva.\" \/>\n<meta property=\"og:url\" content=\"https:\/\/kitoki.com.br\/index.php\/produto\/suite-taua-tripla\/\" \/>\n<meta property=\"og:site_name\" content=\"Kitoki d&#039;Aldeia\" \/>\n<meta property=\"article:publisher\" content=\"https:\/\/www.facebook.com\/kitoki.daldeia\/?locale=pt_BR\" \/>\n<meta property=\"article:modified_time\" content=\"2024-01-24T01:50:50+00:00\" \/>\n<meta property=\"og:image\" content=\"https:\/\/kitoki.com.br\/wp-content\/uploads\/2018\/11\/5_suite_taua_pousada_kitoki_daldeia_caraiva_bahia.jpeg\" \/>\n\t<meta property=\"og:image:width\" content=\"1280\" \/>\n\t<meta property=\"og:image:height\" content=\"853\" \/>\n\t<meta property=\"og:image:type\" content=\"image\/jpeg\" \/>\n<meta name=\"twitter:card\" content=\"summary_large_image\" \/>\n<meta name=\"twitter:label1\" content=\"Est. tempo de leitura\" \/>\n\t<meta name=\"twitter:data1\" content=\"2 minutos\" \/>\n<script type=\"application\/ld+json\" class=\"yoast-schema-graph\">{\"@context\":\"https:\/\/schema.org\",\"@graph\":[{\"@type\":\"WebPage\",\"@id\":\"https:\/\/kitoki.com.br\/index.php\/produto\/suite-taua-tripla\/\",\"url\":\"https:\/\/kitoki.com.br\/index.php\/produto\/suite-taua-tripla\/\",\"name\":\"Suite Tau\u00e1 \u2013 Tripla - Kitoki d&#039;Aldeia\",\"isPartOf\":{\"@id\":\"http:\/\/kitoki.com.br\/#website\"},\"primaryImageOfPage\":{\"@id\":\"https:\/\/kitoki.com.br\/index.php\/produto\/suite-taua-tripla\/#primaryimage\"},\"image\":{\"@id\":\"https:\/\/kitoki.com.br\/index.php\/produto\/suite-taua-tripla\/#primaryimage\"},\"thumbnailUrl\":\"http:\/\/kitoki.com.br\/wp-content\/uploads\/2018\/11\/5_suite_taua_pousada_kitoki_daldeia_caraiva_bahia.jpeg\",\"datePublished\":\"2024-01-23T16:22:30+00:00\",\"dateModified\":\"2024-01-24T01:50:50+00:00\",\"description\":\"Suite Tau\u00e1 \u2013 Tripla - Descubra o charme r\u00fastico e aconchegante da Suite Tau\u00e1 na Pousada Kitoki D'Aldeia, um ref\u00fagio encantador em Cara\u00edva.\",\"breadcrumb\":{\"@id\":\"https:\/\/kitoki.com.br\/index.php\/produto\/suite-taua-tripla\/#breadcrumb\"},\"inLanguage\":\"pt-BR\",\"potentialAction\":[{\"@type\":\"ReadAction\",\"target\":[\"https:\/\/kitoki.com.br\/index.php\/produto\/suite-taua-tripla\/\"]}]},{\"@type\":\"ImageObject\",\"inLanguage\":\"pt-BR\",\"@id\":\"https:\/\/kitoki.com.br\/index.php\/produto\/suite-taua-tripla\/#primaryimage\",\"url\":\"http:\/\/kitoki.com.br\/wp-content\/uploads\/2018\/11\/5_suite_taua_pousada_kitoki_daldeia_caraiva_bahia.jpeg\",\"contentUrl\":\"http:\/\/kitoki.com.br\/wp-content\/uploads\/2018\/11\/5_suite_taua_pousada_kitoki_daldeia_caraiva_bahia.jpeg\",\"width\":1280,\"height\":853,\"caption\":\"suite taua\"},{\"@type\":\"BreadcrumbList\",\"@id\":\"https:\/\/kitoki.com.br\/index.php\/produto\/suite-taua-tripla\/#breadcrumb\",\"itemListElement\":[{\"@type\":\"ListItem\",\"position\":1,\"name\":\"In\u00edcio\",\"item\":\"http:\/\/kitoki.com.br\/\"},{\"@type\":\"ListItem\",\"position\":2,\"name\":\"Loja\",\"item\":\"https:\/\/kitoki.com.br\/index.php\/loja\/\"},{\"@type\":\"ListItem\",\"position\":3,\"name\":\"Suite Tau\u00e1 \u2013 Tripla\"}]},{\"@type\":\"WebSite\",\"@id\":\"http:\/\/kitoki.com.br\/#website\",\"url\":\"http:\/\/kitoki.com.br\/\",\"name\":\"Kitoki d'Aldeia\",\"description\":\"Pousada Kitoki D&#039;aldeia - Cara\u00edva\",\"publisher\":{\"@id\":\"http:\/\/kitoki.com.br\/#organization\"},\"potentialAction\":[{\"@type\":\"SearchAction\",\"target\":{\"@type\":\"EntryPoint\",\"urlTemplate\":\"http:\/\/kitoki.com.br\/?s={search_term_string}\"},\"query-input\":{\"@type\":\"PropertyValueSpecification\",\"valueRequired\":true,\"valueName\":\"search_term_string\"}}],\"inLanguage\":\"pt-BR\"},{\"@type\":\"Organization\",\"@id\":\"http:\/\/kitoki.com.br\/#organization\",\"name\":\"Kitoki d'Aldeia\",\"url\":\"http:\/\/kitoki.com.br\/\",\"logo\":{\"@type\":\"ImageObject\",\"inLanguage\":\"pt-BR\",\"@id\":\"http:\/\/kitoki.com.br\/#\/schema\/logo\/image\/\",\"url\":\"http:\/\/kitoki.com.br\/wp-content\/uploads\/2018\/11\/cropped-kitoki_daldeia_logo_pousada_caraiva_bahia-e1697592764189.png\",\"contentUrl\":\"http:\/\/kitoki.com.br\/wp-content\/uploads\/2018\/11\/cropped-kitoki_daldeia_logo_pousada_caraiva_bahia-e1697592764189.png\",\"width\":250,\"height\":189,\"caption\":\"Kitoki d'Aldeia\"},\"image\":{\"@id\":\"http:\/\/kitoki.com.br\/#\/schema\/logo\/image\/\"},\"sameAs\":[\"https:\/\/www.facebook.com\/kitoki.daldeia\/?locale=pt_BR\"]}]}<\/script>\n<!-- \/ Yoast SEO plugin. -->","yoast_head_json":{"title":"Suite Tau\u00e1 \u2013 Tripla - Kitoki d&#039;Aldeia","description":"Suite Tau\u00e1 \u2013 Tripla - Descubra o charme r\u00fastico e aconchegante da Suite Tau\u00e1 na Pousada Kitoki D'Aldeia, um ref\u00fagio encantador em Cara\u00edva.","robots":{"index":"index","follow":"follow","max-snippet":"max-snippet:-1","max-image-preview":"max-image-preview:large","max-video-preview":"max-video-preview:-1"},"canonical":"https:\/\/kitoki.com.br\/index.php\/produto\/suite-taua-tripla\/","og_locale":"pt_BR","og_type":"article","og_title":"Suite Tau\u00e1 \u2013 Tripla - Kitoki d&#039;Aldeia","og_description":"Suite Tau\u00e1 \u2013 Tripla - Descubra o charme r\u00fastico e aconchegante da Suite Tau\u00e1 na Pousada Kitoki D'Aldeia, um ref\u00fagio encantador em Cara\u00edva.","og_url":"https:\/\/kitoki.com.br\/index.php\/produto\/suite-taua-tripla\/","og_site_name":"Kitoki d&#039;Aldeia","article_publisher":"https:\/\/www.facebook.com\/kitoki.daldeia\/?locale=pt_BR","article_modified_time":"2024-01-24T01:50:50+00:00","og_image":[{"width":1280,"height":853,"url":"https:\/\/kitoki.com.br\/wp-content\/uploads\/2018\/11\/5_suite_taua_pousada_kitoki_daldeia_caraiva_bahia.jpeg","type":"image\/jpeg"}],"twitter_card":"summary_large_image","twitter_misc":{"Est. tempo de leitura":"2 minutos"},"schema":{"@context":"https:\/\/schema.org","@graph":[{"@type":"WebPage","@id":"https:\/\/kitoki.com.br\/index.php\/produto\/suite-taua-tripla\/","url":"https:\/\/kitoki.com.br\/index.php\/produto\/suite-taua-tripla\/","name":"Suite Tau\u00e1 \u2013 Tripla - Kitoki d&#039;Aldeia","isPartOf":{"@id":"http:\/\/kitoki.com.br\/#website"},"primaryImageOfPage":{"@id":"https:\/\/kitoki.com.br\/index.php\/produto\/suite-taua-tripla\/#primaryimage"},"image":{"@id":"https:\/\/kitoki.com.br\/index.php\/produto\/suite-taua-tripla\/#primaryimage"},"thumbnailUrl":"http:\/\/kitoki.com.br\/wp-content\/uploads\/2018\/11\/5_suite_taua_pousada_kitoki_daldeia_caraiva_bahia.jpeg","datePublished":"2024-01-23T16:22:30+00:00","dateModified":"2024-01-24T01:50:50+00:00","description":"Suite Tau\u00e1 \u2013 Tripla - Descubra o charme r\u00fastico e aconchegante da Suite Tau\u00e1 na Pousada Kitoki D'Aldeia, um ref\u00fagio encantador em Cara\u00edva.","breadcrumb":{"@id":"https:\/\/kitoki.com.br\/index.php\/produto\/suite-taua-tripla\/#breadcrumb"},"inLanguage":"pt-BR","potentialAction":[{"@type":"ReadAction","target":["https:\/\/kitoki.com.br\/index.php\/produto\/suite-taua-tripla\/"]}]},{"@type":"ImageObject","inLanguage":"pt-BR","@id":"https:\/\/kitoki.com.br\/index.php\/produto\/suite-taua-tripla\/#primaryimage","url":"http:\/\/kitoki.com.br\/wp-content\/uploads\/2018\/11\/5_suite_taua_pousada_kitoki_daldeia_caraiva_bahia.jpeg","contentUrl":"http:\/\/kitoki.com.br\/wp-content\/uploads\/2018\/11\/5_suite_taua_pousada_kitoki_daldeia_caraiva_bahia.jpeg","width":1280,"height":853,"caption":"suite taua"},{"@type":"BreadcrumbList","@id":"https:\/\/kitoki.com.br\/index.php\/produto\/suite-taua-tripla\/#breadcrumb","itemListElement":[{"@type":"ListItem","position":1,"name":"In\u00edcio","item":"http:\/\/kitoki.com.br\/"},{"@type":"ListItem","position":2,"name":"Loja","item":"https:\/\/kitoki.com.br\/index.php\/loja\/"},{"@type":"ListItem","position":3,"name":"Suite Tau\u00e1 \u2013 Tripla"}]},{"@type":"WebSite","@id":"http:\/\/kitoki.com.br\/#website","url":"http:\/\/kitoki.com.br\/","name":"Kitoki d'Aldeia","description":"Pousada Kitoki D&#039;aldeia - Cara\u00edva","publisher":{"@id":"http:\/\/kitoki.com.br\/#organization"},"potentialAction":[{"@type":"SearchAction","target":{"@type":"EntryPoint","urlTemplate":"http:\/\/kitoki.com.br\/?s={search_term_string}"},"query-input":{"@type":"PropertyValueSpecification","valueRequired":true,"valueName":"search_term_string"}}],"inLanguage":"pt-BR"},{"@type":"Organization","@id":"http:\/\/kitoki.com.br\/#organization","name":"Kitoki d'Aldeia","url":"http:\/\/kitoki.com.br\/","logo":{"@type":"ImageObject","inLanguage":"pt-BR","@id":"http:\/\/kitoki.com.br\/#\/schema\/logo\/image\/","url":"http:\/\/kitoki.com.br\/wp-content\/uploads\/2018\/11\/cropped-kitoki_daldeia_logo_pousada_caraiva_bahia-e1697592764189.png","contentUrl":"http:\/\/kitoki.com.br\/wp-content\/uploads\/2018\/11\/cropped-kitoki_daldeia_logo_pousada_caraiva_bahia-e1697592764189.png","width":250,"height":189,"caption":"Kitoki d'Aldeia"},"image":{"@id":"http:\/\/kitoki.com.br\/#\/schema\/logo\/image\/"},"sameAs":["https:\/\/www.facebook.com\/kitoki.daldeia\/?locale=pt_BR"]}]}},"_links":{"self":[{"href":"http:\/\/kitoki.com.br\/index.php\/wp-json\/wp\/v2\/product\/713","targetHints":{"allow":["GET"]}}],"collection":[{"href":"http:\/\/kitoki.com.br\/index.php\/wp-json\/wp\/v2\/product"}],"about":[{"href":"http:\/\/kitoki.com.br\/index.php\/wp-json\/wp\/v2\/types\/product"}],"wp:featuredmedia":[{"embeddable":true,"href":"http:\/\/kitoki.com.br\/index.php\/wp-json\/wp\/v2\/media\/88"}],"wp:attachment":[{"href":"http:\/\/kitoki.com.br\/index.php\/wp-json\/wp\/v2\/media?parent=713"}],"wp:term":[{"taxonomy":"product_brand","embeddable":true,"href":"http:\/\/kitoki.com.br\/index.php\/wp-json\/wp\/v2\/product_brand?post=713"},{"taxonomy":"product_cat","embeddable":true,"href":"http:\/\/kitoki.com.br\/index.php\/wp-json\/wp\/v2\/product_cat?post=713"},{"taxonomy":"product_tag","embeddable":true,"href":"http:\/\/kitoki.com.br\/index.php\/wp-json\/wp\/v2\/product_tag?post=713"}],"curies":[{"name":"wp","href":"https:\/\/api.w.org\/{rel}","templated":true}]}}