{"id":19,"date":"2018-10-19T16:02:57","date_gmt":"2018-10-19T16:02:57","guid":{"rendered":"https:\/\/kitoki.com.br\/?page_id=19"},"modified":"2025-10-12T11:30:27","modified_gmt":"2025-10-12T14:30:27","slug":"contato","status":"publish","type":"page","link":"http:\/\/kitoki.com.br\/index.php\/contato\/","title":{"rendered":"Contato"},"content":{"rendered":"\n<!DOCTYPE html>\n<html lang=\"pt-BR\">\n<head>\n    <meta charset=\"UTF-8\">\n    <meta name=\"viewport\" content=\"width=device-width, initial-scale=1.0\">\n    <title>Bot\u00e3o WhatsApp Centralizado<\/title>\n    <style>\n        .whatsapp-btn-centered {\n            display: inline-flex;\n            align-items: center;\n            padding: 12px 24px;\n            background-color: #25D366;\n            color: white;\n            font-family: Arial, sans-serif;\n            font-size: 16px;\n            font-weight: bold;\n            text-decoration: none;\n            border-radius: 25px;\n            transition: background-color 0.3s ease;\n            box-shadow: 0 2px 5px rgba(0, 0, 0, 0.2);\n        }\n\n        .whatsapp-btn-centered:hover {\n            background-color: #20b358;\n        }\n\n        .whatsapp-btn-centered img {\n            width: 24px;\n            height: 24px;\n            margin-right: 10px;\n        }\n\n        .btn-container-centered {\n            display: flex;\n            justify-content: center; \/* Centraliza o bot\u00e3o *\/\n            margin: 0 20px; \/* Recuo lateral para n\u00e3o colar nas bordas *\/\n            margin-bottom: 20px; \/* Espa\u00e7o abaixo do bot\u00e3o *\/\n        }\n    <\/style>\n<\/head>\n<body>\n    <div class=\"btn-container-centered\">\n        <a href=\"https:\/\/wa.me\/5573999852028?text=Ol\u00e1,%20gostaria%20de%20saber%20mais!\" \n           class=\"whatsapp-btn-centered\" \n           target=\"_blank\">\n            <img decoding=\"async\" src=\"https:\/\/upload.wikimedia.org\/wikipedia\/commons\/6\/6b\/WhatsApp.svg\" alt=\"WhatsApp Icon\">\n            Clique Aqui e Fale conosco!\n        <\/a>\n    <\/div>\n<\/body>\n<\/html>\n\n\n\n<p><br>Caso voc\u00ea n\u00e3o tenha um whatsapp \u00e0 m\u00e3o, \u00e9 s\u00f3 entrar em contato pelo telefone&nbsp;<strong><a href=\"tel:\/\/73999943966\">(73) 9 9994-3966<\/a><\/strong>&nbsp;ou pelo formul\u00e1rio abaixo<\/p>\n\n\n<style id=\"wpforms-css-vars-787-block-80782ed0-f9fe-44e2-b25f-36c2faf4faef\">\n\t\t\t\t#wpforms-787.wpforms-block-80782ed0-f9fe-44e2-b25f-36c2faf4faef {\n\t\t\t\t--wpforms-field-size-input-height: 43px;\n--wpforms-field-size-input-spacing: 15px;\n--wpforms-field-size-font-size: 16px;\n--wpforms-field-size-line-height: 19px;\n--wpforms-field-size-padding-h: 14px;\n--wpforms-field-size-checkbox-size: 16px;\n--wpforms-field-size-sublabel-spacing: 5px;\n--wpforms-field-size-icon-size: 1;\n--wpforms-label-size-font-size: 16px;\n--wpforms-label-size-line-height: 19px;\n--wpforms-label-size-sublabel-font-size: 14px;\n--wpforms-label-size-sublabel-line-height: 17px;\n--wpforms-button-size-font-size: 17px;\n--wpforms-button-size-height: 41px;\n--wpforms-button-size-padding-h: 15px;\n--wpforms-button-size-margin-top: 10px;\n\t\t\t}\n\t\t\t<\/style><div class=\"wpforms-container wpforms-container-full wpforms-block wpforms-block-80782ed0-f9fe-44e2-b25f-36c2faf4faef wpforms-render-modern\" id=\"wpforms-787\"><form id=\"wpforms-form-787\" class=\"wpforms-validate wpforms-form wpforms-ajax-form\" data-formid=\"787\" method=\"post\" enctype=\"multipart\/form-data\" action=\"\/index.php\/wp-json\/wp\/v2\/pages\/19\" data-token=\"0656669b6c44ce4840080c7a45e00742\" data-token-time=\"1778776519\"><noscript class=\"wpforms-error-noscript\">Ative o JavaScript no seu navegador para preencher este formul\u00e1rio.<\/noscript><div id=\"wpforms-error-noscript\" style=\"display: none;\">Ative o JavaScript no seu navegador para preencher este formul\u00e1rio.<\/div><div class=\"wpforms-field-container\"><div id=\"wpforms-787-field_0-container\" class=\"wpforms-field wpforms-field-name\" data-field-id=\"0\"><fieldset><legend class=\"wpforms-field-label\">Nome <span class=\"wpforms-required-label\" aria-hidden=\"true\">*<\/span><\/legend><div class=\"wpforms-field-row wpforms-field-medium\"><div class=\"wpforms-field-row-block wpforms-first wpforms-one-half\"><input type=\"text\" id=\"wpforms-787-field_0\" class=\"wpforms-field-name-first wpforms-field-required\" name=\"wpforms[fields][0][first]\" aria-errormessage=\"wpforms-787-field_0-error\" required><label for=\"wpforms-787-field_0\" class=\"wpforms-field-sublabel after\">Nome<\/label><\/div><div class=\"wpforms-field-row-block wpforms-one-half\"><input type=\"text\" id=\"wpforms-787-field_0-last\" class=\"wpforms-field-name-last wpforms-field-required\" name=\"wpforms[fields][0][last]\" aria-errormessage=\"wpforms-787-field_0-last-error\" required><label for=\"wpforms-787-field_0-last\" class=\"wpforms-field-sublabel after\">Sobrenome<\/label><\/div><\/div><\/fieldset><\/div><div id=\"wpforms-787-field_1-container\" class=\"wpforms-field wpforms-field-email\" data-field-id=\"1\"><label class=\"wpforms-field-label\" for=\"wpforms-787-field_1\">E-mail <span class=\"wpforms-required-label\" aria-hidden=\"true\">*<\/span><\/label><input type=\"email\" id=\"wpforms-787-field_1\" class=\"wpforms-field-medium wpforms-field-required\" name=\"wpforms[fields][1]\" spellcheck=\"false\" aria-errormessage=\"wpforms-787-field_1-error\" required><\/div><div id=\"wpforms-787-field_2-container\" class=\"wpforms-field wpforms-field-textarea\" data-field-id=\"2\"><label class=\"wpforms-field-label\" for=\"wpforms-787-field_2\">Coment\u00e1rio ou Mensagem<\/label><textarea id=\"wpforms-787-field_2\" class=\"wpforms-field-medium\" name=\"wpforms[fields][2]\" aria-errormessage=\"wpforms-787-field_2-error\" ><\/textarea><\/div><\/div><!-- .wpforms-field-container --><div class=\"wpforms-submit-container\" ><input type=\"hidden\" name=\"wpforms[id]\" value=\"787\"><input type=\"hidden\" name=\"page_title\" value=\"\"><input type=\"hidden\" name=\"page_url\" value=\"http:\/\/kitoki.com.br\/index.php\/wp-json\/wp\/v2\/pages\/19\"><input type=\"hidden\" name=\"url_referer\" value=\"\"><button type=\"submit\" name=\"wpforms[submit]\" id=\"wpforms-submit-787\" class=\"wpforms-submit\" data-alt-text=\"Enviando\u2026\" data-submit-text=\"Enviar\" aria-live=\"assertive\" value=\"wpforms-submit\">Enviar<\/button><img loading=\"lazy\" decoding=\"async\" src=\"http:\/\/kitoki.com.br\/wp-content\/plugins\/wpforms-lite\/assets\/images\/submit-spin.svg\" class=\"wpforms-submit-spinner\" style=\"display: none;\" width=\"26\" height=\"26\" alt=\"Carregando\"><\/div><\/form><\/div>  <!-- .wpforms-container -->","protected":false},"excerpt":{"rendered":"<p>Bot\u00e3o WhatsApp Centralizado Clique Aqui e Fale conosco! Caso voc\u00ea n\u00e3o tenha um whatsapp \u00e0 m\u00e3o, \u00e9 s\u00f3 entrar em contato pelo telefone&nbsp;(73) 9 9994-3966&nbsp;ou pelo formul\u00e1rio abaixo<\/p>\n","protected":false},"author":1,"featured_media":0,"parent":0,"menu_order":0,"comment_status":"closed","ping_status":"closed","template":"","meta":{"footnotes":""},"class_list":["post-19","page","type-page","status-publish","czr-hentry"],"yoast_head":"<!-- This site is optimized with the Yoast SEO plugin v26.4 - https:\/\/yoast.com\/wordpress\/plugins\/seo\/ -->\n<title>Contato - Kitoki d&#039;Aldeia<\/title>\n<meta name=\"robots\" content=\"index, follow, max-snippet:-1, max-image-preview:large, max-video-preview:-1\" \/>\n<link rel=\"canonical\" href=\"http:\/\/kitoki.com.br\/index.php\/contato\/\" \/>\n<meta property=\"og:locale\" content=\"pt_BR\" \/>\n<meta property=\"og:type\" content=\"article\" \/>\n<meta property=\"og:title\" content=\"Contato - Kitoki d&#039;Aldeia\" \/>\n<meta property=\"og:description\" content=\"Bot\u00e3o WhatsApp Centralizado Clique Aqui e Fale conosco! Caso voc\u00ea n\u00e3o tenha um whatsapp \u00e0 m\u00e3o, \u00e9 s\u00f3 entrar em contato pelo telefone&nbsp;(73) 9 9994-3966&nbsp;ou pelo formul\u00e1rio abaixo\" \/>\n<meta property=\"og:url\" content=\"http:\/\/kitoki.com.br\/index.php\/contato\/\" \/>\n<meta property=\"og:site_name\" content=\"Kitoki d&#039;Aldeia\" \/>\n<meta property=\"article:publisher\" content=\"https:\/\/www.facebook.com\/kitoki.daldeia\/?locale=pt_BR\" \/>\n<meta property=\"article:modified_time\" content=\"2025-10-12T14:30:27+00:00\" \/>\n<meta property=\"og:image\" content=\"https:\/\/upload.wikimedia.org\/wikipedia\/commons\/6\/6b\/WhatsApp.svg\" \/>\n<meta name=\"twitter:card\" content=\"summary_large_image\" \/>\n<meta name=\"twitter:label1\" content=\"Est. tempo de leitura\" \/>\n\t<meta name=\"twitter:data1\" content=\"1 minuto\" \/>\n<script type=\"application\/ld+json\" class=\"yoast-schema-graph\">{\"@context\":\"https:\/\/schema.org\",\"@graph\":[{\"@type\":\"WebPage\",\"@id\":\"http:\/\/kitoki.com.br\/index.php\/contato\/\",\"url\":\"http:\/\/kitoki.com.br\/index.php\/contato\/\",\"name\":\"Contato - Kitoki d&#039;Aldeia\",\"isPartOf\":{\"@id\":\"http:\/\/kitoki.com.br\/#website\"},\"primaryImageOfPage\":{\"@id\":\"http:\/\/kitoki.com.br\/index.php\/contato\/#primaryimage\"},\"image\":{\"@id\":\"http:\/\/kitoki.com.br\/index.php\/contato\/#primaryimage\"},\"thumbnailUrl\":\"https:\/\/upload.wikimedia.org\/wikipedia\/commons\/6\/6b\/WhatsApp.svg\",\"datePublished\":\"2018-10-19T16:02:57+00:00\",\"dateModified\":\"2025-10-12T14:30:27+00:00\",\"breadcrumb\":{\"@id\":\"http:\/\/kitoki.com.br\/index.php\/contato\/#breadcrumb\"},\"inLanguage\":\"pt-BR\",\"potentialAction\":[{\"@type\":\"ReadAction\",\"target\":[\"http:\/\/kitoki.com.br\/index.php\/contato\/\"]}]},{\"@type\":\"ImageObject\",\"inLanguage\":\"pt-BR\",\"@id\":\"http:\/\/kitoki.com.br\/index.php\/contato\/#primaryimage\",\"url\":\"https:\/\/upload.wikimedia.org\/wikipedia\/commons\/6\/6b\/WhatsApp.svg\",\"contentUrl\":\"https:\/\/upload.wikimedia.org\/wikipedia\/commons\/6\/6b\/WhatsApp.svg\"},{\"@type\":\"BreadcrumbList\",\"@id\":\"http:\/\/kitoki.com.br\/index.php\/contato\/#breadcrumb\",\"itemListElement\":[{\"@type\":\"ListItem\",\"position\":1,\"name\":\"In\u00edcio\",\"item\":\"http:\/\/kitoki.com.br\/\"},{\"@type\":\"ListItem\",\"position\":2,\"name\":\"Contato\"}]},{\"@type\":\"WebSite\",\"@id\":\"http:\/\/kitoki.com.br\/#website\",\"url\":\"http:\/\/kitoki.com.br\/\",\"name\":\"Kitoki d'Aldeia\",\"description\":\"Pousada Kitoki D&#039;aldeia - Cara\u00edva\",\"publisher\":{\"@id\":\"http:\/\/kitoki.com.br\/#organization\"},\"potentialAction\":[{\"@type\":\"SearchAction\",\"target\":{\"@type\":\"EntryPoint\",\"urlTemplate\":\"http:\/\/kitoki.com.br\/?s={search_term_string}\"},\"query-input\":{\"@type\":\"PropertyValueSpecification\",\"valueRequired\":true,\"valueName\":\"search_term_string\"}}],\"inLanguage\":\"pt-BR\"},{\"@type\":\"Organization\",\"@id\":\"http:\/\/kitoki.com.br\/#organization\",\"name\":\"Kitoki d'Aldeia\",\"url\":\"http:\/\/kitoki.com.br\/\",\"logo\":{\"@type\":\"ImageObject\",\"inLanguage\":\"pt-BR\",\"@id\":\"http:\/\/kitoki.com.br\/#\/schema\/logo\/image\/\",\"url\":\"http:\/\/kitoki.com.br\/wp-content\/uploads\/2018\/11\/cropped-kitoki_daldeia_logo_pousada_caraiva_bahia-e1697592764189.png\",\"contentUrl\":\"http:\/\/kitoki.com.br\/wp-content\/uploads\/2018\/11\/cropped-kitoki_daldeia_logo_pousada_caraiva_bahia-e1697592764189.png\",\"width\":250,\"height\":189,\"caption\":\"Kitoki d'Aldeia\"},\"image\":{\"@id\":\"http:\/\/kitoki.com.br\/#\/schema\/logo\/image\/\"},\"sameAs\":[\"https:\/\/www.facebook.com\/kitoki.daldeia\/?locale=pt_BR\"]}]}<\/script>\n<!-- \/ Yoast SEO plugin. -->","yoast_head_json":{"title":"Contato - Kitoki d&#039;Aldeia","robots":{"index":"index","follow":"follow","max-snippet":"max-snippet:-1","max-image-preview":"max-image-preview:large","max-video-preview":"max-video-preview:-1"},"canonical":"http:\/\/kitoki.com.br\/index.php\/contato\/","og_locale":"pt_BR","og_type":"article","og_title":"Contato - Kitoki d&#039;Aldeia","og_description":"Bot\u00e3o WhatsApp Centralizado Clique Aqui e Fale conosco! Caso voc\u00ea n\u00e3o tenha um whatsapp \u00e0 m\u00e3o, \u00e9 s\u00f3 entrar em contato pelo telefone&nbsp;(73) 9 9994-3966&nbsp;ou pelo formul\u00e1rio abaixo","og_url":"http:\/\/kitoki.com.br\/index.php\/contato\/","og_site_name":"Kitoki d&#039;Aldeia","article_publisher":"https:\/\/www.facebook.com\/kitoki.daldeia\/?locale=pt_BR","article_modified_time":"2025-10-12T14:30:27+00:00","og_image":[{"url":"https:\/\/upload.wikimedia.org\/wikipedia\/commons\/6\/6b\/WhatsApp.svg","type":"","width":"","height":""}],"twitter_card":"summary_large_image","twitter_misc":{"Est. tempo de leitura":"1 minuto"},"schema":{"@context":"https:\/\/schema.org","@graph":[{"@type":"WebPage","@id":"http:\/\/kitoki.com.br\/index.php\/contato\/","url":"http:\/\/kitoki.com.br\/index.php\/contato\/","name":"Contato - Kitoki d&#039;Aldeia","isPartOf":{"@id":"http:\/\/kitoki.com.br\/#website"},"primaryImageOfPage":{"@id":"http:\/\/kitoki.com.br\/index.php\/contato\/#primaryimage"},"image":{"@id":"http:\/\/kitoki.com.br\/index.php\/contato\/#primaryimage"},"thumbnailUrl":"https:\/\/upload.wikimedia.org\/wikipedia\/commons\/6\/6b\/WhatsApp.svg","datePublished":"2018-10-19T16:02:57+00:00","dateModified":"2025-10-12T14:30:27+00:00","breadcrumb":{"@id":"http:\/\/kitoki.com.br\/index.php\/contato\/#breadcrumb"},"inLanguage":"pt-BR","potentialAction":[{"@type":"ReadAction","target":["http:\/\/kitoki.com.br\/index.php\/contato\/"]}]},{"@type":"ImageObject","inLanguage":"pt-BR","@id":"http:\/\/kitoki.com.br\/index.php\/contato\/#primaryimage","url":"https:\/\/upload.wikimedia.org\/wikipedia\/commons\/6\/6b\/WhatsApp.svg","contentUrl":"https:\/\/upload.wikimedia.org\/wikipedia\/commons\/6\/6b\/WhatsApp.svg"},{"@type":"BreadcrumbList","@id":"http:\/\/kitoki.com.br\/index.php\/contato\/#breadcrumb","itemListElement":[{"@type":"ListItem","position":1,"name":"In\u00edcio","item":"http:\/\/kitoki.com.br\/"},{"@type":"ListItem","position":2,"name":"Contato"}]},{"@type":"WebSite","@id":"http:\/\/kitoki.com.br\/#website","url":"http:\/\/kitoki.com.br\/","name":"Kitoki d'Aldeia","description":"Pousada Kitoki D&#039;aldeia - Cara\u00edva","publisher":{"@id":"http:\/\/kitoki.com.br\/#organization"},"potentialAction":[{"@type":"SearchAction","target":{"@type":"EntryPoint","urlTemplate":"http:\/\/kitoki.com.br\/?s={search_term_string}"},"query-input":{"@type":"PropertyValueSpecification","valueRequired":true,"valueName":"search_term_string"}}],"inLanguage":"pt-BR"},{"@type":"Organization","@id":"http:\/\/kitoki.com.br\/#organization","name":"Kitoki d'Aldeia","url":"http:\/\/kitoki.com.br\/","logo":{"@type":"ImageObject","inLanguage":"pt-BR","@id":"http:\/\/kitoki.com.br\/#\/schema\/logo\/image\/","url":"http:\/\/kitoki.com.br\/wp-content\/uploads\/2018\/11\/cropped-kitoki_daldeia_logo_pousada_caraiva_bahia-e1697592764189.png","contentUrl":"http:\/\/kitoki.com.br\/wp-content\/uploads\/2018\/11\/cropped-kitoki_daldeia_logo_pousada_caraiva_bahia-e1697592764189.png","width":250,"height":189,"caption":"Kitoki d'Aldeia"},"image":{"@id":"http:\/\/kitoki.com.br\/#\/schema\/logo\/image\/"},"sameAs":["https:\/\/www.facebook.com\/kitoki.daldeia\/?locale=pt_BR"]}]}},"_links":{"self":[{"href":"http:\/\/kitoki.com.br\/index.php\/wp-json\/wp\/v2\/pages\/19","targetHints":{"allow":["GET"]}}],"collection":[{"href":"http:\/\/kitoki.com.br\/index.php\/wp-json\/wp\/v2\/pages"}],"about":[{"href":"http:\/\/kitoki.com.br\/index.php\/wp-json\/wp\/v2\/types\/page"}],"author":[{"embeddable":true,"href":"http:\/\/kitoki.com.br\/index.php\/wp-json\/wp\/v2\/users\/1"}],"replies":[{"embeddable":true,"href":"http:\/\/kitoki.com.br\/index.php\/wp-json\/wp\/v2\/comments?post=19"}],"version-history":[{"count":0,"href":"http:\/\/kitoki.com.br\/index.php\/wp-json\/wp\/v2\/pages\/19\/revisions"}],"wp:attachment":[{"href":"http:\/\/kitoki.com.br\/index.php\/wp-json\/wp\/v2\/media?parent=19"}],"curies":[{"name":"wp","href":"https:\/\/api.w.org\/{rel}","templated":true}]}}